
Does 69 divide 1512?
False
Is 51748 a multiple of 22?
False
Is 1343 a multiple of 17?
True
Is 440 a multiple of 40?
True
Is 11 a factor of 8148?
False
Is 31 a factor of 2976?
True
Is 37 a factor of 7881?
True
Is 2 a factor of 141?
False
Is 1354 a multiple of 25?
False
Does 86 divide 1118?
True
Is 74388 a multiple of 245?
False
Does 46 divide 230?
True
Is 30 a factor of 390?
True
Is 39 a factor of 8736?
True
Does 14 divide 3920?
True
Does 18 divide 2847?
False
Does 50 divide 800?
True
Does 29 divide 236?
False
Is 199 a multiple of 86?
False
Does 18 divide 26262?
True
Does 54 divide 603?
False
Is 21 a factor of 11088?
True
Is 232 a multiple of 54?
False
Does 19 divide 11502?
False
Does 109 divide 6976?
True
Is 22 even?
True
Is 565 a multiple of 8?
False
Does 105 divide 1050?
True
Does 82 divide 328?
True
Is 78 a multiple of 70?
False
Is 495 a multiple of 53?
False
Is 5 a factor of 5185?
True
Is 832 a multiple of 26?
True
Is 19 a factor of 702?
False
Is 2541 a multiple of 33?
True
Is 19 a factor of 91?
False
Does 10 divide 373?
False
Is 179 a factor of 27172?
False
Is 42 a multiple of 22?
False
Is 2739 a multiple of 11?
True
Does 116 divide 5827?
False
Is 46 a factor of 2556?
False
Is 25 a factor of 350?
True
Is 18 a factor of 776?
False
Does 23 divide 11845?
True
Does 100 divide 1272?
False
Is 7 a factor of 3129?
True
Does 91 divide 21203?
True
Is 930 a multiple of 12?
False
Does 77 divide 2086?
False
Is 10447 a multiple of 55?
False
Does 8 divide 2873?
False
Does 46 divide 21160?
True
Does 25 divide 5325?
True
Is 3873 a multiple of 111?
False
Does 36 divide 12096?
True
Is 6 a factor of 7184?
False
Does 4 divide 904?
True
Does 5 divide 445?
True
Does 7 divide 4495?
False
Is 4 a factor of 85?
False
Is 816 a multiple of 17?
True
Does 26 divide 5590?
True
Is 69360 a multiple of 170?
True
Does 4 divide 168?
True
Does 38 divide 190?
True
Is 117 a factor of 2574?
True
Is 272 a multiple of 8?
True
Is 177 a factor of 33807?
True
Does 23 divide 2024?
True
Does 36 divide 3368?
False
Is 55857 a multiple of 35?
False
Is 8 a factor of 2199?
False
Is 1532 a multiple of 28?
False
Is 10 a factor of 17596?
False
Is 22311 a multiple of 76?
False
Is 45639 a multiple of 23?
False
Does 24 divide 600?
True
Is 36 a factor of 12636?
True
Does 11 divide 202?
False
Is 10873 a multiple of 12?
False
Is 802 a multiple of 41?
False
Is 24 a factor of 121296?
True
Is 12 a factor of 9901?
False
Does 17 divide 15340?
False
Is 3383 a multiple of 75?
False
Is 33943 a multiple of 4?
False
Is 9 a factor of 36878?
False
Is 56 a factor of 714?
False
Is 15 a factor of 2537?
False
Does 35 divide 2461?
False
Is 72 a factor of 3456?
True
Does 4 divide 2200?
True
Is 42 a factor of 28980?
True
Is 19 a factor of 969?
True
Is 44 a factor of 407?
False
Is 74095 a multiple of 157?
False
Is 4 a factor of 1992?
True
Is 13170 a multiple of 36?
False
Is 12 a factor of 42739?
False
Is 27 a factor of 380?
False
Is 31 a factor of 9114?
True
Is 13 a factor of 1508?
True
Does 79 divide 632?
True
Does 83 divide 1577?
True
Does 25 divide 983?
False
Is 267 a multiple of 2?
False
Is 5 a factor of 439?
False
Is 6379 a multiple of 40?
False
Is 93 a factor of 15066?
True
Is 6 a factor of 1182?
True
Is 7689 a multiple of 85?
False
Is 97 a factor of 4365?
True
Is 71 a factor of 1818?
False
Does 10 divide 31386?
False
Is 11528 a multiple of 44?
True
Does 5 divide 17719?
False
Is 13 a factor of 10209?
False
Is 14 a factor of 639?
False
Does 6 divide 2070?
True
Does 6 divide 1774?
False
Does 14 divide 434?
True
Is 107 a factor of 7918?
True
Is 37 a factor of 6993?
True
Is 806 a multiple of 3?
False
Is 2015 a multiple of 2?
False
Is 67 a factor of 603?
True
Is 13244 a multiple of 14?
True
Is 12 a factor of 24816?
True
Is 92 a factor of 7452?
True
Is 204 a multiple of 17?
True
Does 6 divide 6984?
True
Is 3 a factor of 15?
True
Is 52 a factor of 4784?
True
Is 2 a factor of 2416?
True
Is 137 a factor of 3173?
False
Is 6519 a multiple of 37?
False
Is 8547 a multiple of 11?
True
Does 20 divide 2978?
False
Is 189 a multiple of 87?
False
Is 9900 a multiple of 10?
True
Does 38 divide 1064?
True
Is 41819 a multiple of 23?
False
Is 8 a factor of 3266?
False
Does 4 divide 2816?
True
Does 18 divide 20700?
True
Does 23 divide 12006?
True
Does 41 divide 309?
False
Does 11 divide 979?
True
Is 39 a factor of 351?
True
Is 12482 a multiple of 7?
False
Does 147 divide 9261?
True
Is 297 a multiple of 16?
False
Is 85020 a multiple of 15?
True
Is 12 a factor of 1591?
False
Is 53 a factor of 166?
False
Does 85 divide 935?
True
Does 15 divide 38234?
False
Does 74 divide 1621?
False
Does 13 divide 16706?
False
Is 5 a factor of 352?
False
Does 23 divide 5046?
False
Is 5880 a multiple of 15?
True
Is 1562 a multiple of 22?
True
Is 336 a multiple of 42?
True
Is 77 a factor of 7777?
True
Is 14 a factor of 738?
False
Is 2211 a multiple of 67?
True
Is 17 a factor of 4621?
False
Is 60479 a multiple of 197?
True
Does 23 divide 966?
True
Is 2895 a multiple of 31?
False
Is 6 a factor of 14864?
False
Does 19 divide 34023?
False
Is 27108 a multiple of 12?
True
Does 98 divide 17538?
False
Is 3080 a multiple of 28?
True
Is 59052 a multiple of 38?
True
Is 56 a factor of 616?
True
Does 9 divide 2421?
True
Is 11 a multiple of 11?
True
Does 8 divide 3939?
False
Is 43 a factor of 301?
True
Does 15 divide 58935?
True
Is 90326 a multiple of 38?
True
Is 160 a factor of 21120?
True
Is 54 a factor of 1404?
True
Is 2667 a multiple of 9?
False
Does 9 divide 2330?
False
Does 49 divide 919?
False
Does 15 divide 2009?
False
Does 23 divide 4025?
True
Does 102 divide 29274?
True
Is 27 a factor of 108?
True
Does 48 divide 4368?
True
Is 219 a factor of 97893?
True
Does 11 divide 8338?
True
Is 5 a factor of 14743?
False
Is 39 a factor of 78?
True
Is 3478 a multiple of 74?
True
Is 35 a multiple of 5?
True
Is 3280 a multiple of 20?
True
Does 37 divide 185?
True
Is 126 a multiple of 14?
True
Is 28908 a multiple of 22?
True
Is 27 a factor of 7587?
True
Is 670 a multiple of 10?
True
Is 1032 a multiple of 14?
False
Is 25 a factor of 147?
False
Is 995 a multiple of 4?
False
Does 35 divide 1295?
True
Is 40 a factor of 5600?
True
Is 752 a multiple of 16?
True
Is 7293 a multiple of 23?
False
Does 24 divide 64176?
True
Does 34 divide 680?
True
Is 980 a multiple of 10?
True
Is 15 a factor of 29370?
True
Does 18 divide 69696?
True
Is 144 a multiple of 8?
True
Does 2 divide 82?
True
Is 9 a factor of 371?
False
Does 10 divide 611?
False
Is 9 a factor of 1721?
False
Does 4 divide 213?
False
Does 13 divide 222?
False
Is 27 a factor of 22383?
True
Is 36950 a multiple of 55?
False
Is 3984 a multiple of 16?
True
Is 990 a multiple of 4?
False
Is 79158 a multiple of 167?
True
Is 63 a factor of 8442?
True
Is 21 a factor of 2546?
False
Is 22158 a multiple of 11?
False
Is 36 a factor of 42624?
True
Is 26 a factor of 30212?
True
Does 44 divide 598?
False
Does 78 divide 468?
True
Is 66 a factor of 20249?
False
Does 15 divide 555?
True
Is 4709 a multiple of 17?
True
Does 3 divide 3141?
True
Does 13 divide 3480?
False
Is 198 a multiple of 3?
True
Does 17 divide 544?
True
Does 4 divide 4?
True
Is 11 a factor of 1287?
True
Does 28 divide 2660?
True
Is 2598 a multiple of 22?
False
Is 155 a factor of 42182?
False
Is 264 a factor of 12936?
True
Is 13 a factor of 30303?
True
Does 71 divide 8094?
True
Is 1212 a multiple of 4?
True
Is 94 a factor of 5261?
False
Does 15 divide 3135?
True
Does 24 divide 785?
False
Does 3 divide 36?
True
Is 1276 a multiple of 10?
False
Is 2046 a multiple of 31?
True
Is 50298 a multiple of 101?
True
Does 10 divide 8946?
False
Does 27 divide 871?
False
Is 21 a factor of 9786?
True
Does 26 divide 338?
True
Is 53 a factor of 142?
False
Does 13 divide 11934?
True
Is 3690 a multiple of 15?
True
Is 63 a factor of 378?
True
Does 149 divide 4969?
False
Is 1281 a multiple of 9?
False
Does 18 divide 3919?
False
Is 14 a factor of 1302?
True
Does 25 divide 14219?
False
Is 88 a factor of 17253?
False
Does 51 divide 39754?
False
Is 5 a factor of 710?
True
Does 41 divide 26714?
False
Does 8 divide 723?
False
Is 136202 a multiple of 94?
False
Is 29221 a multiple of 12?
False
Is 5412 a multiple of 82?
True
Is 490 a multiple of 10?
True
Is 1404 a multiple of 39?
True
Is 4123 a multiple of 85?
